d f?
18
Suppose 18*d + 4674 = -d. Let r = d + 323. What is the highest common divisor of 1232 and r?
77
Let j be (-110)/(-110) + 1*69. Calculate the highest common divisor of 200 and j.
10
Suppose -4*c - 88 = 5*l, 5*l - 64 = c - 17. Let z = 49 + c. What is the highest common divisor of z and 374?
22
Let t = 13582 + -12937. What is the greatest common factor of t and 1032?
129
Let r(o) be the third derivative of o**6/120 - 2*o**5/15 + 13*o**4/8 - 7*o**3/3 + 82*o**2. Let u be r(6). What is the highest common divisor of u and 4?
4
Suppose 14 - 203 = -9*n. Let b be -462*((-49)/n)/7. Calculate the greatest common factor of b and 42.
14
Suppose -110*m + j + 18178 = -105*m, -4*m + 5*j + 14534 = 0. What is the greatest common factor of 36 and m?
36
Suppose 2*u + 704 = 6*u. Let r be (66/(-21))/(4/(-14)). What is the greatest common divisor of r and u?
11
Suppose -12*g = -295354 - 289538. What is the highest common divisor of 33 and g?
33
Suppose 158401*o - 2904 = 158375*o - 252. What is the greatest common factor of o and 459?
51
Let m(b) = -b**2 + 23*b + 9. Let w(r) = r**3 + 17*r**2 - 41*r - 37. Let u be w(-19). Let a be m(u). Calculate the highest common divisor of 46 and a.
23
Let t be (2046 + 2)/((18/(-21))/(27/(-63))). What is the greatest common divisor of t and 4?
4
Let w = 192 + -172. Let y(v) = -v**2 + 20*v + 5. Let n be y(w). Calculate the highest common divisor of 35 and n.
5
Let l = -7 + 7. Suppose l = 5*p - 2*b + 6 - 43, -2*p + b + 15 = 0. Let o be (-43)/(6579/(-17170)) - 6/(-27)*-1. Calculate the greatest common factor of p and o.
7
Suppose -7*o + 3*o = -100. Let r = o + -20. Let i be -1 - -49 - (0 - (-15)/r). What is the greatest common factor of i and 15?
15
Let b(h) be the third derivative of h**5/60 - 11*h**4/12 + 37*h**3/6 + h**2 + 7*h. Let y be b(28). What is the highest common divisor of 123 and y?
41
Let x = -38 + 40. Let m be 3 - ((-102)/12 + 3/2). Suppose w - x*g + 3*g = m, 0 = -3*w + 3*g + 36. What is the greatest common factor of 99 and w?
11
Let l be (4/2 - -176) + -2. Let j(b) = -3*b**3 + 87*b**2 - 85*b + 36. Let p be j(28). Calculate the greatest common divisor of l and p.
8
Let z(c) = -7*c**2 + 221*c - 55. Let i be z(30). Calculate the greatest common divisor of i and 1232.
11
Let w(k) = 193*k - 8707. Let z be w(46). Calculate the greatest common factor of 1159 and z.
19
Let g(x) = x**3 - 5*x**2 - 196*x + 1250. Let u be g(6). What is the greatest common factor of u and 105?
5
Let w be ((-2)/(-21) - 10405/105)*-1. Calculate the highest common divisor of 531 and w.
9
Suppose 0 = -2*f + j + 104, 3*f - 4*j - 49 - 92 = 0. Suppose -7*o = -3*o - 176. What is the highest common factor of o and f?
11
Suppose v + 557 = -5*r + 67, -2 = -2*r. Let y be (9/(-6))/(-2 - v/250). Let g = 37 - 22. Calculate the greatest common factor of y and g.
15
Suppose -16*w = -15*w - 4*g - 23, -29 = -w - 2*g. Calculate the highest common divisor of 1152 and w.
9
Let b(s) = s**3 + 39*s**2 + 15*s - 34. Let d be b(-38). Suppose d = -268*j + 274*j. Calculate the highest common divisor of 28 and j.
28
Let m(r) be the third derivative of -r**5/60 + r**4/4 + 8*r**3/3 - 6*r**2 + 7*r. Let w be m(5). Calculate the greatest common divisor of w and 77.
7
Let n(d) = d**2 + 10*d + 27. Let x be n(-5). Suppose x*h + 12 = 3*i - h, 0 = 5*i + 2*h - 34. What is the greatest common factor of i and 246?
6
Let a = 29012 + -28862. Let q = -449 + 674. What is the greatest common factor of a and q?
75
Let o(z) = 491*z**2 + 7*z + 12. Let p be o(-4). Let u be (p/294)/(2/3). Calculate the highest common divisor of 24 and u.
8
Suppose -7 = -3*f + 2*f. Suppose -8 + 3 = -d. Suppose -g - d = -f. Calculate the highest common factor of 6 and g.
2
Let l be (-12)/(-9) - (-243825)/225. What is the highest common divisor of 620 and l?
155
Let l be 5 + 1679/6 + -9*(-3)/162. Calculate the greatest common divisor of 5871 and l.
57
Let x = -2937 - -2982. Let v = 29 + 25. Suppose 2*y - v = -y. What is the greatest common factor of y and x?
9
Suppose 10*v + 15 = 13*v. Suppose -23 = 2*t - 5*m, 2*m - 18 = 2*t - 2*m. Calculate the greatest common factor of t and v.
1
Let y(n) = n**2. Let o(r) = 82*r**2 + 3*r - 2. Let h(p) = o(p) - 3*y(p). Let c be h(1). Calculate the greatest common factor of 40 and c.
40
Let j be 139/(((-9)/(-3))/18). Suppose -j = -8*f + 310. Suppose 793 = 5*s + f. What is the greatest common divisor of 52 and s?
26
Suppose 4*j + 87 - 327 = 0. Suppose 5*w = 858 - 78. Calculate the greatest common divisor of j and w.
12
Suppose -3*y + 180 = -0*y. Let d = -114 - -286. Let z = d - 148. Calculate the highest common factor of z and y.
12
Suppose 5*u + 0*u - 5 = 5*j, -4*j + 26 = 2*u. Suppose 4*a = 177 + 27. Suppose -i = u - a. What is the highest common factor of i and 69?
23
Suppose 17367*m + 266 = 17386*m. Let q(o) = 8*o**2 - 6*o - 6. Let v be q(-6). Let g = v + -136. What is the greatest common divisor of g and m?
14
Suppose d - 4*d = 156. Suppose 2835*s + 114 = 2837*s. Let y = d + s. Calculate the greatest common divisor of 20 and y.
5
Let c(v) = 12*v**2 - 6*v + 1. Let z be c(-2). Let h = -67 + z. Let g be (-2)/h + (-1611)/(-27). What is the highest common factor of 30 and g?
30
Let f = 1117 + -669. Calculate the highest common factor of f and 42.
14
Let k(n) = n**2 + 7*n + 4. Let i be (2 + (-48)/(-18))*6/(-4). Let a be k(i). Suppose a*j + 1 = -7, 82 = h - 3*j. What is the highest common divisor of h and 19?
19
Let i(l) = -6*l + 52. Let h be i(7). Let r = 50 + h. Suppose f = 2*f - 12. Calculate the highest common factor of f and r.
12
Let p(g) = 10*g**2 - 32*g - 59. Let o be p(-2). Calculate the greatest common divisor of 365 and o.
5
Let w = -3246 + 3297. Calculate the highest common factor of 2057 and w.
17
Let a be 4/((-5686)/2321 + 3 - 6/11). What is the highest common factor of a and 8?
4
Suppose -587 = -15*c + 328. Let p = c + -26. Calculate the highest common divisor of 35 and p.
35
Suppose -3*v = -6, 3*v = -5*a + 8*v + 330. Calculate the greatest common divisor of 6613 and a.
17
Let s = 226 - 223. Let i be (-8)/s*(-12 - 12). Let j be 48 - (-2 + 1 + 1). What is the greatest common divisor of j and i?
16
Let u be 625/10 + (-1)/(-2). Suppose 247 = -5*x - 5*p - 43, -2*x - p - 120 = 0. Let w = u + x. What is the highest common divisor of 4 and w?
1
Let j = 53 + -65. Let p be -4 + (30/(-4))/((-2)/j). Let b = p - -61. What is the highest common factor of 9 and b?
3
Suppose -y + 8 = -5*y, -101 = -5*o + 3*y. Let r = -16 + o. Let v be 36/3*r/9*3. What is the highest common divisor of 96 and v?
12
Let q = 6884 + -6873. What is the highest common divisor of 24937 and q?
11
Let r = 4201 + -4165. Calculate the greatest common divisor of 348 and r.
12
Let l = -71336 - -108855. What is the greatest common divisor of 17 and l?
17
Let u = 1509 + -1493. What is the highest common divisor of 776 and u?
8
Let o(r) = -272*r + 421. Let s be o(-8). Calculate the greatest common factor of 53 and s.
53
Let j = -3191 + 9057. Suppose -2198 = -42*b + j. What is the highest common divisor of b and 60?
12
Let m = -77 - -67. Let h be (-4)/m - ((-3312)/20 + -2). What is the highest common factor of 21 and h?
21
Let m = 82 + -48. Let z(d) = -d**2 - 9*d. Let h be z(-9). Suppose h = -7*u + 436 + 159. What is the highest common divisor of m and u?
17
Suppose 70*v - 79*v = -5265. Let o be ((v/6)/5)/((-18)/(-60)). What is the greatest common factor of o and 325?
65
Let k = 14 - 10. Suppose a + k*s - 12 = 2*a, -5*a + 36 = 4*s. Suppose 5*t + 0 = -3*b + a, -5*b = 3*t - 12. What is the greatest common divisor of 1 and b?
1
Let q(i) = 15*i**2 + 16*i + 1156. Let p be q(-25). Calculate the highest common factor of p and 33.
33
Let d = 8734 - 4732. What is the greatest common divisor of d and 348?
174
Suppose -2*y - 1758 = -4*h, 0*h - 5*h = 3*y - 2181. Let l = h - 97. Calculate the highest common factor of l and 62.
31
Let j = 941 - 297. What is the greatest common factor of j and 140?
28
Let t = 16579 - -5322. Calculate the highest common factor of t and 362.
181
Suppose 21*a - 20*a = 13. Suppose a*b - 214 = 215. Let c(j) = 5*j**2 - j. Let f be c(-2). What is the greatest common divisor of b and f?
11
Suppose 17*x = 11*x + 150. Let y = x + -25. Suppose 19*k - 21*k + 14 = y. Calculate the highest common factor of k an